culate the remainder when 6294 is divided by 85.
4
Calculate the remainder when 222016 is divided by 74005.
1
Calculate the remainder when 16510 is divided by 8.
6
What is the remainder when 2865861 is divided by 97?
93
Calculate the remainder when 236 is divided by 84.
68
Calculate the remainder when 69651 is divided by 487.
10
Calculate the remainder when 171164 is divided by 13.
6
Calculate the remainder when 82420 is divided by 11773.
9
What is the remainder when 543187 is divided by 6?
1
What is the remainder when 49014 is divided by 5444?
18
What is the remainder when 2062 is divided by 24?
22
Calculate the remainder when 111238 is divided by 18538.
10
What is the remainder when 6330 is divided by 332?
22
Calculate the remainder when 5198 is divided by 52.
50
Calculate the remainder when 598109 is divided by 12.
5
Calculate the remainder when 5754 is divided by 637.
21
Calculate the remainder when 2331907 is divided by 70.
67
Calculate the remainder when 120883 is divided by 707.
693
Calculate the remainder when 188593 is divided by 28.
13
Calculate the remainder when 1736 is divided by 217.
0
What is the remainder when 2837 is divided by 768?
533
Calculate the remainder when 77592 is divided by 194.
186
What is the remainder when 32569 is divided by 68?
65
Calculate the remainder when 903437 is divided by 491.
488
Calculate the remainder when 15254 is divided by 95.
54
What is the remainder when 2689 is divided by 68?
37
What is the remainder when 24870 is divided by 66?
54
Calculate the remainder when 4525 is divided by 87.
1
Calculate the remainder when 1124477 is divided by 1175.
2
Calculate the remainder when 6332 is divided by 3157.
18
Calculate the remainder when 1664 is divided by 620.
424
Calculate the remainder when 322629 is divided by 158.
151
What is the remainder when 21859 is divided by 1930?
629
What is the remainder when 108578 is divided by 108562?
16
Calculate the remainder when 244799 is divided by 160.
159
What is the remainder when 10199 is divided by 157?
151
What is the remainder when 36996 is divided by 17?
4
Calculate the remainder when 2093 is divided by 1034.
25
What is the remainder when 3142 is divided by 108?
10
What is the remainder when 694762 is divided by 12?
10
What is the remainder when 26301 is divided by 152?
5
Calculate the remainder when 3492 is divided by 1736.
20
Calculate the remainder when 46630 is divided by 402.
400
What is the remainder when 35099 is divided by 11698?
5
What is the remainder when 6097 is divided by 339?
334
Calculate the remainder when 6629 is divided by 2192.
53
What is the remainder when 411 is divided by 115?
66
What is the remainder when 75973 is divided by 3449?
95
What is the remainder when 5224 is divided by 487?
354
Calculate the remainder when 2709 is divided by 2703.
6
Calculate the remainder when 493999 is divided by 80.
79
What is the remainder when 23692 is divided by 504?
4
What is the remainder when 121349 is divided by 77?
74
What is the remainder when 22644 is divided by 16?
4
What is the remainder when 96764 is divided by 17?
0
What is the remainder when 98170 is divided by 416?
410
What is the remainder when 185696 is divided by 23210?
16
What is the remainder when 5755 is divided by 1742?
529
What is the remainder when 5317 is divided by 597?
541
What is the remainder when 12421 is divided by 1585?
1326
What is the remainder when 56313 is divided by 923?
10
What is the remainder when 27905 is divided by 465?
5
What is the remainder when 65068 is divided by 199?
194
What is the remainder when 3360 is divided by 19?
16
Calculate the remainder when 81671 is divided by 949.
57
Calculate the remainder when 178086 is divided by 821.
750
What is the remainder when 2176849 is divided by 197?
196
What is the remainder when 72400 is divided by 298?
284
What is the remainder when 1443 is divided by 1424?
19
What is the remainder when 1869 is divided by 212?
173
What is the remainder when 144020 is divided by 48004?
8
Calculate the remainder when 4768 is divided by 308.
148
Calculate the remainder when 3984 is divided by 360.
24
What is the remainder when 38317 is divided by 53?
51
Calculate the remainder when 3766 is divided by 1769.
228
Calculate the remainder when 1348 is divided by 195.
178
What is the remainder when 1171 is divided by 1013?
158
Calculate the remainder when 447724 is divided by 9.
1
Calculate the remainder when 23867 is divided by 556.
515
Calculate the remainder when 2441 is divided by 1652.
789
Calculate the remainder when 21586 is divided by 6874.
964
Calculate the remainder when 50000 is divided by 18.
14
Calculate the remainder when 3140 is divided by 66.
38
What is the remainder when 276271 is divided by 16?
15
Calculate the remainder when 22614 is divided by 452.
14
Calculate the remainder when 12294 is divided by 116.
114
What is the remainder when 225439 is divided by 1156?
19
Calculate the remainder when 1812 is divided by 32.
20
What is the remainder when 124897 is divided by 102?
49
Calculate the remainder when 1300 is divided by 99.
13
Calculate the remainder when 833296 is divided by 20.
16
What is the remainder when 6525 is divided by 136?
133
Calculate the remainder when 6376 is divided by 5.
1
Calculate the remainder when 3503 is divided by 349.
13
Calculate the remainder when 5324 is divided by 121.
0
What is the remainder when 16932 is divided by 651?
6
Calculate the remainder when 121505 is divided by 60748.
9
What is the remainder when 82118 is divided by 13?
10
What is the remainder when 3304 is divided by 549?
10
What is the remainder when 45494 is divided by 266?
8
What is the remainder when 104253 is divided by 13023?
69
Calculate the remainder when 20341 is divided by 83.
6
Calculate the remainder when 938 is divided by 46.
18
Calculate the remainder when 8895 is divided by 81.
66
Calculate the remainder when 171971 is divided by 36.
35
Calculate the remainder when 3276 is divided by 966.
378
Calculate the remainder when 1880 is divided by 1035.
845
Calculate the remainder when 51602 is divided by 2064.
2
What is the remainder when 8034205 is divided by 356?
353
What is the remainder when 33803 is divided by 388?
47
What is the remainder when 14996 is divided by 1259?
1147
What is the remainder when 165141 is divided by 84?
81
Calculate the remainder when 96998 is divided by 13.
5
Calculate the remainder when 204681 is divided by 218.
197
What is the remainder when 8398 is divided by 7?
5
Calculate the remainder when 113519 is divided by 14185.
39
Calculate the remainder when 50479 is divided by 360.
79
What is the remainder when 202475 is divided by 572?
559
Calculate the remainder when 44322 is divided by 286.
278
What is the remainder when 868 is divided by 287?
7
What is the remainder when 2561 is divided by 2081?
480
What is the remainder when 2247 is divided by 787?
673
What is the remainder when 119746 is divided by 57?
46
What is the remainder when 17551 is divided by 44?
39
What is the remainder when 59442 is divided by 1009?
920
Calculate the remainder when 2109 is divided by 631.
216
What is the remainder when 316919 is divided by 230?
209
Calculate the remainder when 4183 is divided by 153.
52
What is the remainder when 205057 is divided by 5396?
9
Calculate the remainder when 8900 is divided by 2150.
300
What is the remainder when 6659 is divided by 945?
44
Calculate the remainder when 7797 is divided by 717.
627
Calculate the remainder when 213513 is divided by 149.
145
What is the remainder when 2689 is divided by 449?
444
Calculate the remainder when 90861 is divided by 8.
5
What is the remainder when 50034 is divided by 1139?
1057
Calculate the remainder when 5693 is divided by 908.
245
What is the remainder when 7544 is divided by 1250?
44
What is the remainder when 20365 is divided by 1459?
1398
What is the remainder when 2948 is divided by 76?
60
Calculate the remainder when 942477 is divided by 68.
65
Calculate the remainder when 532680 is divided by 172.
168
What is the remainder when 62178 is divided by 31082?
14
Calculate the remainder when 1288 is divided by 1097.
191
Calculate the remainder when 53265 is divided by 14.
9
Calculate the remainder when 162440 is divided by 1625.
1565
Calculat